{"id":150,"date":"2023-11-23T21:50:23","date_gmt":"2023-11-23T20:50:23","guid":{"rendered":"https:\/\/www.ski-klub-umag.hr\/?page_id=150"},"modified":"2023-11-23T22:36:38","modified_gmt":"2023-11-23T21:36:38","slug":"predsjednistvo","status":"publish","type":"page","link":"https:\/\/www.ski-klub-umag.hr\/?page_id=150","title":{"rendered":"Predsjedni\u0161tvo"},"content":{"rendered":"\n<figure class=\"wp-block-table\"><table><tbody><tr><td><strong>Predsjednik<\/strong><\/td><td>Dubravko Grgi\u0107<\/td><\/tr><tr><td><strong>Izvr\u0161ni direktor<\/strong><\/td><td>Robert Birsa<\/td><\/tr><tr><td><strong>Tajnik<\/strong><\/td><td>Barbara Bevc<\/td><\/tr><tr><td><strong>\u010clanovi izvr\u0161nog odbora<\/strong><\/td><td>Marjan \u0160iroka,<br>Manfred \u0160o\u0161ter,<br>Bojan Bo\u017ei\u0107,<br>Robi Celi\u0107,<br>Greblo Vedran,<br>Andrej Hubel,<br>Barbara Bevc,<br>Silvan Renko,<br>Dubravko Grgi\u0107<\/td><\/tr><\/tbody><\/table><\/figure>\n\n\n\n<p><\/p>\n","protected":false},"excerpt":{"rendered":"<p>Predsjednik Dubravko Grgi\u0107 Izvr\u0161ni direktor Robert Birsa Tajnik Barbara Bevc \u010clanovi izvr\u0161nog odbora Marjan \u0160iroka,Manfred \u0160o\u0161ter,Bojan Bo\u017ei\u0107,Robi Celi\u0107,Greblo Vedran,Andrej Hubel,Barbara Bevc,Silvan Renko,Dubravko Grgi\u0107<\/p>\n","protected":false},"author":1,"featured_media":0,"parent":0,"menu_order":0,"comment_status":"closed","ping_status":"closed","template":"page-fullwidth.php","meta":{"footnotes":""},"class_list":["post-150","page","type-page","status-publish","hentry"],"_links":{"self":[{"href":"https:\/\/www.ski-klub-umag.hr\/index.php?rest_route=\/wp\/v2\/pages\/150","targetHints":{"allow":["GET"]}}],"collection":[{"href":"https:\/\/www.ski-klub-umag.hr\/index.php?rest_route=\/wp\/v2\/pages"}],"about":[{"href":"https:\/\/www.ski-klub-umag.hr\/index.php?rest_route=\/wp\/v2\/types\/page"}],"author":[{"embeddable":true,"href":"https:\/\/www.ski-klub-umag.hr\/index.php?rest_route=\/wp\/v2\/users\/1"}],"replies":[{"embeddable":true,"href":"https:\/\/www.ski-klub-umag.hr\/index.php?rest_route=%2Fwp%2Fv2%2Fcomments&post=150"}],"version-history":[{"count":2,"href":"https:\/\/www.ski-klub-umag.hr\/index.php?rest_route=\/wp\/v2\/pages\/150\/revisions"}],"predecessor-version":[{"id":155,"href":"https:\/\/www.ski-klub-umag.hr\/index.php?rest_route=\/wp\/v2\/pages\/150\/revisions\/155"}],"wp:attachment":[{"href":"https:\/\/www.ski-klub-umag.hr\/index.php?rest_route=%2Fwp%2Fv2%2Fmedia&parent=150"}],"curies":[{"name":"wp","href":"https:\/\/api.w.org\/{rel}","templated":true}]}}

Predsjedništvo

<figure class="wp-block-table"><table><tbody><tr><td><strong>Predsjednik</strong></td><td>Dubravko Grgić</td></tr><tr><td><strong>Izvršni direktor</strong></td><td>Robert Birsa</td></tr><tr><td><strong>Tajnik</strong></td><td>Barbara Bevc</td></tr><tr><td><strong>Članovi izvršnog odbora</strong></td><td>Marjan Široka,<br>Manfred Šošter,<br>Bojan Božić,<br>Robi Celić,<br>Greblo Vedran,<br>Andrej Hubel,<br>Barbara Bevc,<br>Silvan Renko,<br>Dubravko Grgić</td></tr></tbody></table></figure>



<p></p>

<p>Predsjednik Dubravko Grgić Izvršni direktor Robert Birsa Tajnik Barbara Bevc Članovi izvršnog odbora Marjan Široka,Manfred Šošter,Bojan Božić,Robi Celić,Greblo Vedran,Andrej Hubel,Barbara Bevc,Silvan Renko,Dubravko Grgić</p>
