{"id":165,"date":"2023-11-23T22:21:32","date_gmt":"2023-11-23T21:21:32","guid":{"rendered":"https:\/\/www.ski-klub-umag.hr\/?page_id=165"},"modified":"2023-11-23T22:32:13","modified_gmt":"2023-11-23T21:32:13","slug":"clanovi","status":"publish","type":"page","link":"https:\/\/www.ski-klub-umag.hr\/?page_id=165","title":{"rendered":"\u010clanovi"},"content":{"rendered":"\n<h2 class=\"wp-block-heading\"><img loading=\"lazy\" decoding=\"async\" width=\"50\" height=\"22\" src=\"https:\/\/web.archive.org\/web\/20180901111544im_\/http:\/\/ski-klub-umag.hr\/wp-content\/uploads\/2016\/12\/crte_50x22.png\">Aktivni \u010dlanovi Ski kluba Umag<\/h2>\n\n\n\n<figure class=\"wp-block-table\"><table><tbody><tr><th>R.br.<\/th><th>Ime i Prezime<\/th><th>R.br.<\/th><th>Ime i Prezime<\/th><\/tr><tr><td>1<\/td><td>Bajoch Natalija<\/td><td>33<\/td><td>Simi\u0107 Stella<\/td><\/tr><tr><td>2<\/td><td>Bevc Barbara<\/td><td>34<\/td><td>\u0160iroka Marijan<\/td><\/tr><tr><td>3<\/td><td>Birsa Robert<\/td><td>35<\/td><td>\u0160iroka Maris,<\/td><\/tr><tr><td>4<\/td><td>Bla\u017eevi\u0107 Zvonimir<\/td><td>36<\/td><td>\u0160iroka Njaci<\/td><\/tr><tr><td>5<\/td><td>Bo\u017ei\u0107 Bojan<\/td><td>37<\/td><td>\u0160o\u0161ter Manfred<\/td><\/tr><tr><td>6<\/td><td>Brajkovi\u0107 Danko<\/td><td>38<\/td><td>Trconi\u0107 Sa\u0161a<\/td><\/tr><tr><td>7<\/td><td>Brajkovi\u0107 Igor<\/td><td>39<\/td><td>U\u010dkar Miran<\/td><\/tr><tr><td>8<\/td><td>Brajkovi\u0107 Sara<\/td><td>40<\/td><td>Velenik Davor<\/td><\/tr><tr><td>9<\/td><td>Bre\u010devi\u0107 Rale<\/td><td>41<\/td><td>Visintin Dimini\u0107 Marina<\/td><\/tr><tr><td>10<\/td><td>Celi\u0107 Boris<\/td><td>42<\/td><td>Visintin Luciano<\/td><\/tr><tr><td>11<\/td><td>Celi\u0107 David<\/td><td>43<\/td><td>Vlatkovi\u0107 Chiara<\/td><\/tr><tr><td>12<\/td><td>Celi\u0107 Robi<\/td><td>44<\/td><td>Vlatkovi\u0107 \u017deljko<\/td><\/tr><tr><td>13<\/td><td>Celi\u0107 Sa\u0161a<\/td><td>45<\/td><td>Vori\u0107 Zoran<\/td><\/tr><tr><td>14<\/td><td>Greblo Alen<\/td><td>46<\/td><td>Zori\u0107 Mladen<\/td><\/tr><tr><td>15<\/td><td>Greblo Vedran<\/td><td>47<\/td><td>Visintin Olga<\/td><\/tr><tr><td>16<\/td><td>Grgi\u0107 Dubravka<\/td><td>48<\/td><td>Velenik Mija<\/td><\/tr><tr><td>17<\/td><td>Grgi\u0107 Dubravko<\/td><td>49<\/td><td>Birsa Karlo<\/td><\/tr><tr><td>18<\/td><td>Grgi\u0107 Tea<\/td><td>50<\/td><td>Celi\u0107 Niko<\/td><\/tr><tr><td>19<\/td><td>Grgi\u0107 Vlasta<\/td><td>51<\/td><td>Grozdani\u0107 Ta\u0161a i Jure<\/td><\/tr><tr><td>20<\/td><td>Gucunski Ema<\/td><td>52<\/td><td>Celi\u0107 Eni<\/td><\/tr><tr><td>21<\/td><td>Gucunski Renata<\/td><td>53<\/td><td>Celi\u0107 Malu<\/td><\/tr><tr><td>22<\/td><td>Gucunski Vladimir<\/td><td>54<\/td><td>Hubel Linda<\/td><\/tr><tr><td>23<\/td><td>Gucunski \u017deljko<\/td><td>55<\/td><td>Bo\u017ei\u0107 Ema<\/td><\/tr><tr><td>24<\/td><td>Hubel Andrej<\/td><td>56<\/td><td>Komleni\u0107 Dora<\/td><\/tr><tr><td>25<\/td><td>Koraca Sanjin<\/td><td>57<\/td><td>Komleni\u0107 Timea<\/td><\/tr><tr><td>26<\/td><td>Legovi\u0107 Gabrijela<\/td><td><\/td><td><\/td><\/tr><tr><td>27<\/td><td>Maglica Danijel,<\/td><td><\/td><td><\/td><\/tr><tr><td>28<\/td><td>Moro\u017ein Julijan<\/td><td><\/td><td><\/td><\/tr><tr><td>29<\/td><td>Muminovi\u0107 \u010cevo<\/td><td><\/td><td><\/td><\/tr><tr><td>30<\/td><td>Renko Andrej<\/td><td><\/td><td><\/td><\/tr><tr><td>31<\/td><td>Renko Silvan<\/td><td><\/td><td><\/td><\/tr><tr><td>32<\/td><td>Rupena Sa\u0161a<\/td><td><\/td><td><\/td><\/tr><\/tbody><\/table><\/figure>\n\n\n\n<h2 class=\"wp-block-heading\"><img loading=\"lazy\" decoding=\"async\" src=\"https:\/\/web.archive.org\/web\/20180901111544im_\/http:\/\/ski-klub-umag.hr\/wp-content\/uploads\/2016\/12\/crte_50x22.png\" width=\"50\" height=\"22\">Po\u010dasni \u010dlanovi Ski kluba Umag<\/h2>\n\n\n\n<figure class=\"wp-block-table\"><table><tbody><tr><th>R.br.<\/th><th>Ime i Prezime<\/th><th>Grad<\/th><\/tr><tr><td>1<\/td><td>Kosteli\u0107 Ivica<\/td><td>Zagreb<\/td><\/tr><tr><td>2<\/td><td>Kosteli\u0107 Janica<\/td><td>Zagreb<\/td><\/tr><tr><td>3<\/td><td>Steka Damir<\/td><td>Umag<\/td><\/tr><tr><td>4<\/td><td>Svet Mateja<\/td><td>Ljubljana<\/td><\/tr><\/tbody><\/table><\/figure>\n","protected":false},"excerpt":{"rendered":"<p>Aktivni \u010dlanovi Ski kluba Umag R.br. Ime i Prezime R.br. Ime i Prezime 1 Bajoch Natalija 33 Simi\u0107 Stella 2 Bevc Barbara 34 \u0160iroka Marijan 3 Birsa Robert 35 \u0160iroka Maris, 4 Bla\u017eevi\u0107 Zvonimir 36 \u0160iroka Njaci 5 Bo\u017ei\u0107 Bojan &hellip; <a href=\"https:\/\/www.ski-klub-umag.hr\/?page_id=165\">pro\u010ditajte vi\u0161e<\/a><\/p>\n","protected":false},"author":1,"featured_media":0,"parent":0,"menu_order":0,"comment_status":"closed","ping_status":"closed","template":"page-fullwidth.php","meta":{"footnotes":""},"class_list":["post-165","page","type-page","status-publish","hentry"],"_links":{"self":[{"href":"https:\/\/www.ski-klub-umag.hr\/index.php?rest_route=\/wp\/v2\/pages\/165","targetHints":{"allow":["GET"]}}],"collection":[{"href":"https:\/\/www.ski-klub-umag.hr\/index.php?rest_route=\/wp\/v2\/pages"}],"about":[{"href":"https:\/\/www.ski-klub-umag.hr\/index.php?rest_route=\/wp\/v2\/types\/page"}],"author":[{"embeddable":true,"href":"https:\/\/www.ski-klub-umag.hr\/index.php?rest_route=\/wp\/v2\/users\/1"}],"replies":[{"embeddable":true,"href":"https:\/\/www.ski-klub-umag.hr\/index.php?rest_route=%2Fwp%2Fv2%2Fcomments&post=165"}],"version-history":[{"count":1,"href":"https:\/\/www.ski-klub-umag.hr\/index.php?rest_route=\/wp\/v2\/pages\/165\/revisions"}],"predecessor-version":[{"id":167,"href":"https:\/\/www.ski-klub-umag.hr\/index.php?rest_route=\/wp\/v2\/pages\/165\/revisions\/167"}],"wp:attachment":[{"href":"https:\/\/www.ski-klub-umag.hr\/index.php?rest_route=%2Fwp%2Fv2%2Fmedia&parent=165"}],"curies":[{"name":"wp","href":"https:\/\/api.w.org\/{rel}","templated":true}]}}